e factors of 22346.
2, 11173
What are the prime factors of 43606?
2, 21803
List the prime factors of 12363.
3, 13, 317
List the prime factors of 7657.
13, 19, 31
What are the prime factors of 1225?
5, 7
List the prime factors of 20331.
3, 251
What are the prime factors of 25282?
2, 12641
What are the prime factors of 106130?
2, 5, 10613
List the prime factors of 7382.
2, 3691
What are the prime factors of 13226?
2, 17, 389
List the prime factors of 25395.
3, 5, 1693
List the prime factors of 621.
3, 23
What are the prime factors of 4744?
2, 593
List the prime factors of 36403.
59, 617
What are the prime factors of 149?
149
List the prime factors of 1546.
2, 773
List the prime factors of 4122.
2, 3, 229
List the prime factors of 28089.
3, 3121
What are the prime factors of 355?
5, 71
List the prime factors of 46995.
3, 5, 13, 241
What are the prime factors of 1252?
2, 313
What are the prime factors of 1037?
17, 61
List the prime factors of 2719.
2719
What are the prime factors of 25348?
2, 6337
What are the prime factors of 69907?
53, 1319
What are the prime factors of 748?
2, 11, 17
List the prime factors of 5076.
2, 3, 47
List the prime factors of 2916.
2, 3
List the prime factors of 519.
3, 173
What are the prime factors of 6527?
61, 107
What are the prime factors of 18614?
2, 41, 227
What are the prime factors of 1449?
3, 7, 23
What are the prime factors of 5629?
13, 433
What are the prime factors of 1249?
1249
What are the prime factors of 6973?
19, 367
List the prime factors of 3447.
3, 383
What are the prime factors of 2970?
2, 3, 5, 11
List the prime factors of 1064.
2, 7, 19
What are the prime factors of 19166?
2, 7, 37
List the prime factors of 203667.
3, 29, 2341
List the prime factors of 75030.
2, 3, 5, 41, 61
What are the prime factors of 11304?
2, 3, 157
What are the prime factors of 7471?
31, 241
What are the prime factors of 10264?
2, 1283
What are the prime factors of 1154?
2, 577
List the prime factors of 2835.
3, 5, 7
List the prime factors of 9.
3
List the prime factors of 9592.
2, 11, 109
List the prime factors of 4191.
3, 11, 127
What are the prime factors of 3571?
3571
List the prime factors of 1268.
2, 317
List the prime factors of 56757.
3, 18919
What are the prime factors of 8388?
2, 3, 233
What are the prime factors of 22385?
5, 11, 37
What are the prime factors of 2280?
2, 3, 5, 19
What are the prime factors of 32358?
2, 3, 5393
List the prime factors of 844.
2, 211
List the prime factors of 23902.
2, 17, 19, 37
List the prime factors of 21246.
2, 3, 3541
List the prime factors of 5041.
71
What are the prime factors of 954?
2, 3, 53
List the prime factors of 797.
797
List the prime factors of 23805.
3, 5, 23
List the prime factors of 373.
373
List the prime factors of 60669.
3, 7, 107
What are the prime factors of 39102?
2, 3, 7, 19
What are the prime factors of 133491?
3, 44497
What are the prime factors of 1375?
5, 11
List the prime factors of 2224.
2, 139
List the prime factors of 13486.
2, 11, 613
List the prime factors of 21099.
3, 13, 541
What are the prime factors of 8938?
2, 41, 109
List the prime factors of 622.
2, 311
List the prime factors of 3438.
2, 3, 191
List the prime factors of 395.
5, 79
What are the prime factors of 926?
2, 463
List the prime factors of 1305.
3, 5, 29
What are the prime factors of 13843?
109, 127
List the prime factors of 1318.
2, 659
What are the prime factors of 1926?
2, 3, 107
List the prime factors of 19483.
19483
List the prime factors of 29077.
29077
What are the prime factors of 810?
2, 3, 5
What are the prime factors of 6573?
3, 7, 313
What are the prime factors of 10156?
2, 2539
List the prime factors of 727.
727
What are the prime factors of 48287?
109, 443
List the prime factors of 1629.
3, 181
List the prime factors of 70760.
2, 5, 29, 61
What are the prime factors of 309?
3, 103
List the prime factors of 4238.
2, 13, 163
List the prime factors of 5736.
2, 3, 239
What are the prime factors of 2295?
3, 5, 17
List the prime factors of 124583.
19, 79, 83
List the prime factors of 182134.
2, 19, 4793
List the prime factors of 944.
2, 59
List the prime factors of 10560.
2, 3, 5, 11
What are the prime factors of 3172?
2, 13, 61
What are the prime factors of 5760?
2, 3, 5
What are the prime factors of 36634?
2, 13, 1409
List the prime factors of 78803.
78803
List the prime factors of 2723.
7, 389
What are the prime factors of 7111?
13, 547
What are the prime factors of 25713?
3, 2857
What are the prime factors of 1672?
2, 11, 19
What are the prime factors of 86295?
3, 5, 11, 523
What are the prime factors of 11314?
2, 5657
What are the prime factors of 972?
2, 3
List the prime factors of 6244.
2, 7, 223
What are the prime factors of 3852?
2, 3, 107
What are the prime factors of 41557?
29, 1433
List the prime factors of 1644.
2, 3, 137
What are the prime factors of 6204?
2, 3, 11, 47
List the prime factors of 4800.
2, 3, 5
List the prime factors of 7160.
2, 5, 179
List the prime factors of 95020.
2, 5, 4751
List the prime factors of 5545.
5, 1109
List the prime factors of 3835.
5, 13, 59
List the prime factors of 31418.
2, 23, 683
List the prime factors of 500.
2, 5
What are the prime factors of 6402?
2, 3, 11, 97
List the prime factors of 64943.
101, 643
List the prime factors of 11407.
11, 17, 61
What are the prime factors of 23599?
23599
What are the prime factors of 44737?
7, 11, 83
What are the prime factors of 34000?
2, 5, 17
What are the prime factors of 2478?
2, 3, 7, 59
What are the prime factors of 2304?
2, 3
What are the prime factors of 1728?
2, 3
List the prime factors of 719.
719
What are the prime factors of 96167?
96167
What are the prime factors of 2311?
2311
List the prime factors of 43274.
2, 7, 11, 281
List the prime factors of 37923.
3, 12641
List the prime factors of 2640.
2, 3, 5, 11
What are the prime factors of 11854?
2, 5927
What are the prime factors of 455?
5, 7, 13
List the prime factors of 5379.
3, 11, 163
List the prime factors of 2383.
2383
List the prime factors of 11217.
3, 3739
List the prime factors of 335.
5, 67
What are the prime factors of 28938?
2, 3, 7, 13, 53
List the prime factors of 3798.
2, 3, 211
What are the prime factors of 1333?
31, 43
What are the prime factors of 38013?
3, 12671
What are the prime factors of 1866?
2, 3, 311
List the prime factors of 1218.
2, 3, 7, 29
List the prime factors of 216.
2, 3
List the prime factors of 132351.
3, 157, 281
What are the prime factors of 10408?
2, 1301
List the prime factors of 9512.
2, 29, 41
What are the prime factors of 45783?
3, 5087
List the prime factors of 21427.
7, 3061
What are the prime factors of 89133?
3, 11, 37, 73
List the prime factors of 67228.
2, 7
What are the prime factors of 478?
2, 239
What are the prime factors of 599?
599
List the prime factors of 27197.
27197
List the prime factors of 96.
2, 3
List the prime factors of 1848.
2, 3, 7, 11
List the prime factors of 3672.
2, 3, 17
What are the prime factors of 1164?
2, 3, 97
What are the prime factors of 355?
5, 71
List the prime factors of 75302.
2, 23, 1637
What are the prime factors of 951?
3, 317
What are the prime factors of 77160?
2, 3, 5, 643
List the prime factors of 2387.
7, 11, 31
List the prime factors of 469.
7, 67
List the prime factors of 2147.
19, 113
List the prime factors of 21717.
3, 19, 127
What are the prime factors of 1399?
1399
What are the prime factors of 462?
2, 3, 7, 11
What are the prime factors of 48442?
2, 53, 457
What are the prime factors of 4130?
2, 5, 7, 59
List the prime factors of 1814.
2, 907
List the prime factors of 50675.
5, 2027
List the prime factors of 11986.
2, 13, 461
What are the prime factors of 33539?
11, 3049
List the prime factors of 5061.
3, 7, 241
List the prime factors of 13132.
2, 7, 67
List the prime factors of 2088.
2, 3, 29
What are the prime factors of 48523?
48523
List the prime factors of 53995.
5, 10799
What are the prime factors of 188?
2, 47
What are the prime factors of 4343?
43, 101
What are the prime factors of 929?
929
List the prime factors of 52957.
52957
List the prime factors of 597.
3, 199
List the prime factors of 10133.
10133
What are the prime factors of 14087?
14087
List the prime factors of 842.
2, 421
What are the prime factors of 207?
3,